the greatest common factor of 44908 and 1648.
412
Calculate the greatest common factor of 2695658 and 14.
14
What is the greatest common factor of 932 and 2097?
233
What is the greatest common factor of 1175 and 219020?
235
What is the greatest common factor of 564244 and 8?
4
Calculate the highest common factor of 3234 and 92631.
231
Calculate the greatest common factor of 45017 and 10738.
413
Calculate the highest common factor of 10336 and 27778.
646
Calculate the greatest common divisor of 17501 and 88.
11
Calculate the highest common factor of 4 and 34778.
2
Calculate the highest common divisor of 528 and 115302.
66
What is the highest common divisor of 135354 and 24?
6
Calculate the greatest common divisor of 608 and 32992.
32
What is the greatest common factor of 6 and 1587?
3
Calculate the greatest common factor of 56 and 32326.
14
What is the highest common divisor of 243964 and 364?
28
Calculate the greatest common divisor of 2436 and 29106.
42
Calculate the greatest common divisor of 157326 and 26.
26
What is the greatest common factor of 179 and 436223?
179
What is the greatest common factor of 476 and 26236?
28
Calculate the highest common divisor of 9450 and 425.
25
What is the highest common factor of 78144 and 1332?
444
What is the highest common divisor of 10938 and 24?
6
Calculate the highest common divisor of 138282 and 9120.
114
Calculate the greatest common divisor of 1243 and 6102.
113
Calculate the highest common divisor of 205 and 4805.
5
Calculate the greatest common divisor of 5499696 and 48.
48
What is the greatest common divisor of 11349 and 57909?
291
What is the greatest common divisor of 4 and 2656?
4
Calculate the highest common factor of 6815 and 214745.
145
What is the greatest common divisor of 14 and 26278?
14
What is the greatest common factor of 696 and 53472?
24
Calculate the greatest common factor of 11709 and 4383.
9
What is the highest common divisor of 310 and 1310?
10
What is the highest common factor of 55568 and 2464?
16
What is the greatest common factor of 42284 and 78430?
682
What is the greatest common factor of 1166 and 12694?
22
What is the greatest common factor of 39984 and 11172?
588
What is the greatest common divisor of 6 and 114662?
2
What is the highest common divisor of 267 and 386171?
89
What is the greatest common divisor of 1176 and 411992?
392
Calculate the greatest common factor of 65745 and 21.
3
What is the highest common factor of 512 and 132?
4
What is the greatest common factor of 326457 and 27?
27
What is the highest common factor of 1085 and 74710?
155
What is the greatest common divisor of 9284 and 308?
44
What is the greatest common divisor of 217 and 5983?
31
What is the highest common factor of 319081 and 14931?
553
Calculate the greatest common divisor of 3180 and 132.
12
What is the highest common divisor of 987 and 7119?
21
What is the greatest common factor of 381247 and 3227?
461
Calculate the greatest common divisor of 320 and 172.
4
What is the highest common divisor of 20 and 267000?
20
What is the highest common factor of 2 and 34900?
2
What is the highest common divisor of 146688 and 5568?
192
Calculate the highest common factor of 9750 and 10.
10
Calculate the highest common divisor of 10027 and 108942.
271
Calculate the highest common divisor of 2309 and 2.
1
What is the greatest common divisor of 65 and 38835?
5
Calculate the highest common divisor of 2352 and 1734208.
784
Calculate the highest common factor of 7809 and 9453.
411
Calculate the highest common factor of 98931 and 147.
147
What is the greatest common factor of 144 and 1423332?
36
What is the highest common factor of 20547 and 189?
27
Calculate the highest common divisor of 175712 and 608.
608
What is the highest common divisor of 7238 and 7084?
154
What is the greatest common divisor of 103656 and 42?
42
What is the highest common divisor of 202125 and 49?
49
Calculate the highest common divisor of 20 and 2969660.
20
Calculate the highest common factor of 3 and 61583.
1
Calculate the greatest common factor of 51754 and 1374.
458
Calculate the greatest common factor of 696 and 744024.
696
Calculate the greatest common divisor of 1524 and 25273.
127
What is the highest common divisor of 8885 and 20?
5
Calculate the greatest common factor of 377844 and 276.
276
What is the greatest common factor of 1007469 and 2277?
207
What is the highest common factor of 24 and 56328?
24
Calculate the highest common divisor of 1560 and 2190.
30
Calculate the greatest common factor of 22 and 37466.
22
Calculate the greatest common divisor of 3234844 and 2740.
548
Calculate the greatest common divisor of 485154 and 72.
18
What is the greatest common divisor of 68 and 187646?
34
Calculate the highest common divisor of 188555 and 215.
215
Calculate the highest common divisor of 99 and 6369.
33
Calculate the highest common factor of 460 and 23552.
92
Calculate the greatest common divisor of 430404 and 372.
372
What is the highest common factor of 179150 and 50?
50
Calculate the highest common divisor of 2637949 and 59.
59
Calculate the highest common divisor of 761 and 2287566.
761
Calculate the highest common factor of 701997 and 1266.
633
Calculate the highest common divisor of 141187 and 354.
59
Calculate the highest common factor of 2680 and 386590.
670
What is the greatest common divisor of 1169 and 1503?
167
What is the highest common divisor of 10792440 and 1620?
1620
What is the highest common factor of 60 and 922308?
12
Calculate the highest common divisor of 33 and 9980663.
11
Calculate the highest common factor of 638 and 6554.
58
Calculate the highest common divisor of 1482 and 2280.
114
Calculate the greatest common divisor of 12958 and 176.
22
Calculate the highest common factor of 993 and 478957.
331
What is the greatest common factor of 742916 and 1264?
316
Calculate the highest common divisor of 117 and 33849.
9
Calculate the greatest common divisor of 300 and 699400.
100
What is the greatest common factor of 5549 and 674830?
179
Calculate the highest common divisor of 19178 and 15480.
86
What is the greatest common divisor of 221 and 2567?
17
Calculate the highest common divisor of 165200 and 210.
70
What is the greatest common divisor of 98 and 1046?
2
Calculate the highest common divisor of 3465 and 303765.
1155
What is the greatest common factor of 7557843 and 51?
51
Calculate the greatest common divisor of 169337 and 595.
119
What is the highest common divisor of 1644 and 197828?
548
Calculate the greatest common divisor of 525 and 3801.
21
What is the highest common divisor of 7272 and 256?
8
What is the highest common factor of 50 and 21520?
10
What is the highest common divisor of 516 and 1042?
2
What is the greatest common divisor of 2356 and 37324?
124
Calculate the greatest common factor of 1122 and 29271.
33
Calculate the greatest common factor of 114 and 2190.
6
Calculate the greatest common factor of 616 and 93520.
56
Calculate the highest common divisor of 1584 and 703692.
396
What is the greatest common factor of 22750 and 819?
91
Calculate the greatest common factor of 7059 and 299.
13
Calculate the greatest common divisor of 34122 and 78.
6
Calculate the greatest common factor of 1498 and 74579.
107
What is the greatest common factor of 217610 and 3290?
470
What is the highest common divisor of 48 and 322976?
16
What is the highest common factor of 175271 and 1166?
53
What is the highest common factor of 548436 and 84?
84
Calculate the greatest common factor of 14670 and 270.
90
What is the greatest common factor of 72605 and 26?
13
What is the greatest common divisor of 232 and 63968?
8
What is the greatest common factor of 12 and 5607984?
12
Calculate the greatest common divisor of 774 and 22662.
18
Calculate the highest common divisor of 1717 and 1313.
101
Calculate the greatest common divisor of 1183 and 188773.
169
What is the greatest common factor of 71077 and 791?
113
What is the highest common divisor of 504 and 1639512?
504
What is the highest common factor of 17 and 67?
1
Calculate the greatest common divisor of 1160 and 18125.
145
What is the greatest common factor of 102 and 1669978?
34
What is the highest common divisor of 61246 and 3794?
542
Calculate the great